{"id":584,"date":"2012-04-18T18:13:44","date_gmt":"2012-04-18T18:13:44","guid":{"rendered":"http:\/\/www.medeina.lt\/?page_id=584"},"modified":"2012-04-26T08:47:28","modified_gmt":"2012-04-26T08:47:28","slug":"kauno-cempionatasilga","status":"publish","type":"page","link":"http:\/\/www.medeina.lt\/?page_id=584","title":{"rendered":"2012 KAUNO  ORIENTAVIMOSI SPORTO ATVIRO \u010cEMPIONATO  ILGOJE TRASOJE NUOSTATAI"},"content":{"rendered":"<p><a href=\"http:\/\/www.medeina.lt\/wp-content\/uploads\/2012\/04\/nuostatai_kauno_cemp_2012R3.doc\">Nuostatai spausdinimui .doc<\/a><\/p>\n<p>&nbsp;<\/p>\n<p><strong>TIKSLAS IR U\u017dDAVINIAI<\/strong><\/p>\n<p>Atviras \u010dempionatas vykdomas siekiant populiarinti orientavimosi sport\u0105 Kaune bei \u0161alyje, geriau pasiruo\u0161ti nacionalin\u0117ms bei tarptautin\u0117ms var\u017eyboms, i\u0161ai\u0161kinti paj\u0117giausias komandas ir sportininkus visose am\u017eiaus grup\u0117se, atrinkti sportininkus dalyvauti Lietuvos \u010dempionatuose.<br \/>\n<b>Var\u017eybos itrauktos \u012f 2012 m. OLIF\u0116JOS veteran\u0173 taur\u0117s \u012fskait\u0105.<\/b><\/p>\n<p>&nbsp;<\/p>\n<p><strong>ORGANIZATORIAI<\/strong><\/p>\n<p>\u010cempionat\u0105 rengia Kauno orientavimosi sporto klubas \u201eMedeina\u201c.<\/p>\n<p>&nbsp;<\/p>\n<p><strong>VYKDYMO DATA IR VIETA<\/strong><\/p>\n<p>2012 m. baland\u017eio m\u0117n. 29 d. (sekmadienis), startas 12 val., dalyvi\u0173 apdovanojimas (var\u017eyb\u0173 u\u017edarymas) \u2013 15.00<br \/>\nKai\u0161iadori\u0173 r. sav., Rum\u0161iski\u0173 sen. Gastiloni\u0173 mi\u0161kas (prie  buvusios pionieri\u0173 stovyklos), \u017ei\u016br\u0117ti <a href=\"http:\/\/www.maps.lt\/map\/?lang=lt#obj=509853;6082656;Pa%C5%BEym%C4%97tas%20ta%C5%A1kas;&#038;xy=509809,6082625&#038;z=2000&#038;lrs=hybrid,stops,zebra\" target=\"_blank\">nuorod\u0105<\/a>:<br \/>\nGPS Koordinat\u0117s:<br \/>\n509829, 6082627 (LKS)<br \/>\n54.879654, 24.153162 (WGS)<br \/>\n54\u00b0 52&#8242; 46.75&#8243;, 24\u00b0 9&#8242; 11.38&#8243; (WGS)<\/p>\n<p>&nbsp;<\/p>\n<p><strong>\u017dEM\u0116LAPIS, VIETOV\u0116 <\/strong><\/p>\n<p>\u017dem\u0117lapis perdarytas i\u0161 pagrind\u0173 2011 ruden\u012f, panaudojant LIDAR duomenis. Mastelis 1:10 000, horizontal\u0117s kas 2,5 metro. \u012e \u017eem\u0117lap\u012f \u012feina dalis 2011 m Gastilioni\u0173 \u017eem\u0117lapio, kuri bus panaudota tik ilgiausioms trasoms.<br \/>\n\u017dem\u0117lapio pavadinimas: Astragai. Tai i\u0161nyk\u0119s kaimas u\u017elietas Kauno Mari\u0173 prie\u0161 50 met\u0173.<br \/>\nVietov\u0117: 40 metr\u0173 auk\u0161\u010dio Kauno Mari\u0173 \u0161laitas su atodangomis  bei griovomis. Vir\u0161uje pelk\u0117ta lyguma su kopiniais dariniais. Mi\u0161kas \u017eiauriai nukent\u0117jo per 2010 m audr\u0105, bet \u0161iuo metu 90% i\u0161valytas. \u017dem\u0117lap\u012f sudar\u0117 Rimvydas Kutka.<\/p>\n<p>&nbsp;<\/p>\n<p><strong>VAR\u017dYB\u0172 DALYVIAI IR PROGRAMA<\/strong><\/p>\n<p><strong>Atviro \u010dempionato<\/strong> asmenin\u0117s var\u017eybos vykdomos atskiru startu b\u0117gte, nurodyta kryptimi.<br \/>\nDalyviai startuoja tokiose am\u017eiaus grup\u0117se:<br \/>\nV \u2013 12, 14, 16, 18, 20, 21E, 21B, 35, 40, 45, 50, 55, 60, 65, 70, 85<br \/>\nM \u2013 12, 14, 16, 18, 20, 21E, 21B, 35, 40, 45, 50, 55, 60<\/p>\n<p>&nbsp;<\/p>\n<p>Vyriausias teis\u0117jas \u2013 Rimvydas Kutka,<\/p>\n<p>sekretorius \u2013 Gvidas R\u016bkas,<\/p>\n<p>tras\u0173 planuotojas &#8211; Rimvydas Kutka.<\/p>\n<p>&nbsp;<\/p>\n<p>Preliminar\u016bs tras\u0173 parametrai:<\/p>\n<table border=\"1\">\n<tbody>\n<tr>\n<td>V21E<\/td>\n<td>11,7km<\/td>\n<td>28KP<\/td>\n<\/tr>\n<tr>\n<td>V35, V40<\/td>\n<td>9,3km<\/td>\n<td>23KP<\/td>\n<\/tr>\n<tr>\n<td>M21E, V18, V20, V45, V50<\/td>\n<td>7,3km<\/td>\n<td>21KP<\/td>\n<\/tr>\n<tr>\n<td>M18, M20, V21B<\/td>\n<td>6,8km<\/td>\n<td>17KP<\/td>\n<\/tr>\n<tr>\n<td>V55, V60<\/td>\n<td>5,9km<\/td>\n<td>16KP<\/td>\n<\/tr>\n<tr>\n<td>M35, M40, V16<\/td>\n<td>5,1km<\/td>\n<td>14KP<\/td>\n<\/tr>\n<tr>\n<td>M45, M50, V65, V70<\/td>\n<td>4,3km<\/td>\n<td>11KP<\/td>\n<\/tr>\n<tr>\n<td>M16, V14<\/td>\n<td>3,9km<\/td>\n<td>10KP<\/td>\n<\/tr>\n<tr>\n<td>M21B, M55, M60<\/td>\n<td>3,3km<\/td>\n<td>10KP<\/td>\n<\/tr>\n<tr>\n<td>M14<\/td>\n<td>2,9km<\/td>\n<td>9KP<\/td>\n<\/tr>\n<tr>\n<td>M12, V12, V85<\/td>\n<td>2,4km<\/td>\n<td>8KP<\/td>\n<\/tr>\n<\/tbody>\n<\/table>\n<p>&nbsp;<\/p>\n<p><strong>Atsi\u017eym\u0117jimas: <\/strong>Elektronin\u0117 atsi\u017eym\u0117jimo sistema \u2013 <strong>SportIdent<\/strong><\/p>\n<p>&nbsp;<\/p>\n<p><strong>STARTO MOKESTIS<br \/>\nNUGAL\u0116TOJ\u0172 NUSTATYMAS IR APDOVANOJIMAS<\/strong><\/p>\n<p><strong><br \/>\n<\/strong><\/p>\n<table border=\"1\" width=\"100%\">\n<tbody>\n<tr>\n<td><strong>Parai\u0161kos pateikimas<\/strong><\/td>\n<td><strong>M\/V 12<\/strong><\/td>\n<td><strong>M\/V 14-18<\/strong><\/td>\n<td><strong>M\/V 20, 65-85<\/strong><\/td>\n<td><strong>M\/V 21-60<\/strong><\/td>\n<\/tr>\n<tr>\n<td>Iki 2012-04-25<\/td>\n<td>8Lt<\/td>\n<td>12Lt<\/td>\n<td>15Lt<\/td>\n<td>20Lt<\/td>\n<\/tr>\n<tr>\n<td>Iki 2012-04-26<\/td>\n<td>12Lt<\/td>\n<td>20Lt<\/td>\n<td>20Lt<\/td>\n<td>30Lt<\/td>\n<\/tr>\n<tr>\n<td>Po 2012-04-26  (esant laisvoms vietoms)<\/td>\n<td>16Lt<\/td>\n<td>24Lt<\/td>\n<td>30Lt<\/td>\n<td>40Lt<\/td>\n<\/tr>\n<\/tbody>\n<\/table>\n<p>U\u017e neatvykusi dalyv\u012f mokama pus\u0117 starto mokes\u010dio.<br \/>\n&nbsp;<br \/>\nApdovanojami vis\u0173 am\u017eiaus grupi\u0173 nugal\u0117tojai ir prizininkai. Var\u017eybose dalyvi\u0173 vietos nustatomos pagal trasoje sugai\u0161t\u0105 laik\u0105.<br \/>\nPastaba: vienoje grup\u0117je u\u017esiregistravus 3 dalyviams ir ma\u017eiau, grup\u0117s gali b\u016bti apjungtos organizatori\u0173 nuo\u017ei\u016bra.<\/p>\n<p>&nbsp;<\/p>\n<p><strong>PARAI\u0160K\u0172 IR DALYVI\u0172 PRI\u0116MIMO S\u0104LYGOS<\/strong><\/p>\n<p>I\u0161ankstin\u0117s vardin\u0117s parai\u0161kos pateikiamos iki 2012 m.baland\u017eio 22d. (antradienio vakaro) internetu <a href=\"http:\/\/www.dbtopas.lt\/takas\/lt\/varz\/2012031\" target=\"_blank\">dbtop&#8217;as<\/a>  tinklalapyje. Informacija tel.  8 685 44 037 &#8211; Rimvydas Kutka, arba internete &#8211; (okmedeina@gmail.com)<\/p>\n<p>Var\u017eyb\u0173 vyriausias teis\u0117jas \u2013 Rimvydas Kutka tel. 8 685 44 037,  el. pa\u0161tas: tukmir@gmail.com<\/p>\n<p>&nbsp;<\/p>\n<p><a href=\"http:\/\/www.medeina.lt\/wp-content\/uploads\/2012\/04\/nuostatai_kauno_cemp_2012R3.doc\">Nuostatai spausdinimui .doc<\/a><\/p>\n","protected":false},"excerpt":{"rendered":"<p>Nuostatai spausdinimui .doc &nbsp; TIKSLAS IR U\u017dDAVINIAI Atviras \u010dempionatas vykdomas siekiant populiarinti orientavimosi sport\u0105 Kaune bei \u0161alyje, geriau pasiruo\u0161ti nacionalin\u0117ms bei tarptautin\u0117ms var\u017eyboms, i\u0161ai\u0161kinti paj\u0117giausias komandas ir sportininkus visose am\u017eiaus grup\u0117se, atrinkti sportininkus dalyvauti Lietuvos \u010dempionatuose. Var\u017eybos itrauktos \u012f 2012 m. OLIF\u0116JOS veteran\u0173 taur\u0117s \u012fskait\u0105. &nbsp; ORGANIZATORIAI \u010cempionat\u0105 rengia Kauno orientavimosi sporto klubas \u201eMedeina\u201c. &nbsp;<a class=\"read-more \" href=\"http:\/\/www.medeina.lt\/?page_id=584\" title=\"Read More\"> <span class=\"button default\">Read More<\/span><\/a><\/p>\n","protected":false},"author":1,"featured_media":0,"parent":0,"menu_order":0,"comment_status":"closed","ping_status":"closed","template":"","meta":[],"_links":{"self":[{"href":"http:\/\/www.medeina.lt\/index.php?rest_route=\/wp\/v2\/pages\/584"}],"collection":[{"href":"http:\/\/www.medeina.lt\/index.php?rest_route=\/wp\/v2\/pages"}],"about":[{"href":"http:\/\/www.medeina.lt\/index.php?rest_route=\/wp\/v2\/types\/page"}],"author":[{"embeddable":true,"href":"http:\/\/www.medeina.lt\/index.php?rest_route=\/wp\/v2\/users\/1"}],"replies":[{"embeddable":true,"href":"http:\/\/www.medeina.lt\/index.php?rest_route=%2Fwp%2Fv2%2Fcomments&post=584"}],"version-history":[{"count":19,"href":"http:\/\/www.medeina.lt\/index.php?rest_route=\/wp\/v2\/pages\/584\/revisions"}],"predecessor-version":[{"id":617,"href":"http:\/\/www.medeina.lt\/index.php?rest_route=\/wp\/v2\/pages\/584\/revisions\/617"}],"wp:attachment":[{"href":"http:\/\/www.medeina.lt\/index.php?rest_route=%2Fwp%2Fv2%2Fmedia&parent=584"}],"curies":[{"name":"wp","href":"https:\/\/api.w.org\/{rel}","templated":true}]}}