{"id":44,"date":"2010-05-04T07:39:18","date_gmt":"2010-05-04T07:39:18","guid":{"rendered":"http:\/\/www.thecrystal.lt\/wordpress\/?page_id=44"},"modified":"2021-02-11T10:42:12","modified_gmt":"2021-02-11T10:42:12","slug":"pirmininkai","status":"publish","type":"page","link":"http:\/\/www.medeina.lt\/?page_id=44","title":{"rendered":"Pirmininkai"},"content":{"rendered":"\n<h3 class=\"has-text-align-center\"><strong>2017.01.01 &#8211; dabar<\/strong><\/h3>\n\n\n\n<h4 class=\"has-text-align-center\"><strong>Art\u016bras Vaitiekus<\/strong><\/h4>\n\n\n\n<div class=\"wp-block-image\"><figure class=\"aligncenter size-large is-resized\"><img loading=\"lazy\" src=\"http:\/\/www.medeina.lt\/wp-content\/uploads\/2021\/02\/vaitiekus.jpg\" alt=\"\" class=\"wp-image-2481\" width=\"320\" height=\"480\" srcset=\"http:\/\/www.medeina.lt\/wp-content\/uploads\/2021\/02\/vaitiekus.jpg 639w, http:\/\/www.medeina.lt\/wp-content\/uploads\/2021\/02\/vaitiekus-200x300.jpg 200w\" sizes=\"(max-width: 320px) 100vw, 320px\" \/><\/figure><\/div>\n\n\n\n<hr class=\"wp-block-separator\"\/>\n\n\n\n<h3 class=\"has-text-align-center\"><strong>2012.01.01 &#8211; 2016.12.31<\/strong><\/h3>\n\n\n\n<h4 class=\"has-text-align-center\"><strong>Irina Misi\u016bnien\u0117<\/strong><\/h4>\n\n\n\n<div class=\"wp-block-image\"><figure class=\"aligncenter is-resized\"><img loading=\"lazy\" src=\"http:\/\/www.medeina.lt\/foto\/pirmininkai\/misiuniene.JPG\" alt=\"\" width=\"195\" height=\"274\"\/><\/figure><\/div>\n\n\n\n<hr class=\"wp-block-separator\"\/>\n\n\n\n<h3 class=\"has-text-align-center\"><strong>2007.11.13 &#8211; 2011.12.31<\/strong><\/h3>\n\n\n\n<h4 class=\"has-text-align-center\"><strong>Jonas Gediminas Gvildys<\/strong><\/h4>\n\n\n\n<div class=\"wp-block-image\"><figure class=\"aligncenter is-resized\"><img loading=\"lazy\" src=\"http:\/\/www.medeina.lt\/foto\/pirmininkai\/jggvildys.JPG\" alt=\"\" width=\"136\" height=\"189\"\/><\/figure><\/div>\n\n\n\n<hr class=\"wp-block-separator\"\/>\n\n\n\n<h3 class=\"has-text-align-center\"><strong>2005.10.15 &#8211; 2007.11.13<\/strong><\/h3>\n\n\n\n<h4 class=\"has-text-align-center\"><strong>Jolanta Ra\u017eaitien\u0117<\/strong><\/h4>\n\n\n\n<div class=\"wp-block-image\"><figure class=\"aligncenter is-resized\"><img loading=\"lazy\" src=\"http:\/\/www.medeina.lt\/foto\/pirmininkai\/razaitiene.jpg\" alt=\"\" width=\"206\" height=\"315\"\/><\/figure><\/div>\n\n\n\n<hr class=\"wp-block-separator\"\/>\n\n\n\n<h3 class=\"has-text-align-center\"><strong>2001.03.18 &#8211; 2005.10.15<\/strong><\/h3>\n\n\n\n<h4 class=\"has-text-align-center\"><strong>Valdas Misi\u016bnas<\/strong><\/h4>\n\n\n\n<div class=\"wp-block-image\"><figure class=\"aligncenter is-resized\"><img loading=\"lazy\" src=\"http:\/\/www.medeina.lt\/foto\/pirmininkai\/misiunas.jpg\" alt=\"\" width=\"201\" height=\"300\"\/><\/figure><\/div>\n\n\n\n<hr class=\"wp-block-separator\"\/>\n\n\n\n<h3 class=\"has-text-align-center\"><strong>1988.12.26 &#8211; 2001.03.18<\/strong><\/h3>\n\n\n\n<h4 class=\"has-text-align-center\"><strong>Rimvydas Kutka<\/strong><\/h4>\n\n\n\n<div class=\"wp-block-image\"><figure class=\"aligncenter\"><img src=\"http:\/\/www.medeina.lt\/foto\/pirmininkai\/kutka.jpg\" alt=\"\"\/><\/figure><\/div>\n","protected":false},"excerpt":{"rendered":"<p>2017.01.01 &#8211; dabar Art\u016bras Vaitiekus 2012.01.01 &#8211; 2016.12.31 Irina Misi\u016bnien\u0117 2007.11.13 &#8211; 2011.12.31 Jonas Gediminas Gvildys 2005.10.15 &#8211; 2007.11.13 Jolanta Ra\u017eaitien\u0117 2001.03.18 &#8211; 2005.10.15 Valdas Misi\u016bnas 1988.12.26 &#8211; 2001.03.18 Rimvydas Kutka<a class=\"read-more \" href=\"http:\/\/www.medeina.lt\/?page_id=44\" title=\"Read More\"> <span class=\"button default\">Read More<\/span><\/a><\/p>\n","protected":false},"author":1,"featured_media":0,"parent":34,"menu_order":0,"comment_status":"closed","ping_status":"closed","template":"","meta":[],"_links":{"self":[{"href":"http:\/\/www.medeina.lt\/index.php?rest_route=\/wp\/v2\/pages\/44"}],"collection":[{"href":"http:\/\/www.medeina.lt\/index.php?rest_route=\/wp\/v2\/pages"}],"about":[{"href":"http:\/\/www.medeina.lt\/index.php?rest_route=\/wp\/v2\/types\/page"}],"author":[{"embeddable":true,"href":"http:\/\/www.medeina.lt\/index.php?rest_route=\/wp\/v2\/users\/1"}],"replies":[{"embeddable":true,"href":"http:\/\/www.medeina.lt\/index.php?rest_route=%2Fwp%2Fv2%2Fcomments&post=44"}],"version-history":[{"count":22,"href":"http:\/\/www.medeina.lt\/index.php?rest_route=\/wp\/v2\/pages\/44\/revisions"}],"predecessor-version":[{"id":2482,"href":"http:\/\/www.medeina.lt\/index.php?rest_route=\/wp\/v2\/pages\/44\/revisions\/2482"}],"up":[{"embeddable":true,"href":"http:\/\/www.medeina.lt\/index.php?rest_route=\/wp\/v2\/pages\/34"}],"wp:attachment":[{"href":"http:\/\/www.medeina.lt\/index.php?rest_route=%2Fwp%2Fv2%2Fmedia&parent=44"}],"curies":[{"name":"wp","href":"https:\/\/api.w.org\/{rel}","templated":true}]}}