{"id":1362,"date":"2016-05-03T07:05:49","date_gmt":"2016-05-03T07:05:49","guid":{"rendered":"http:\/\/www.medeina.lt\/?page_id=1362"},"modified":"2016-09-12T13:20:59","modified_gmt":"2016-09-12T13:20:59","slug":"2016-m-lietuvos-orientavimosi-sporto-klubu-taures-varzybu-nuostatai","status":"publish","type":"page","link":"http:\/\/www.medeina.lt\/?page_id=1362","title":{"rendered":"2016 m. LIETUVOS ORIENTAVIMOSI SPORTO KLUB\u0172 TAUR\u0116S VAR\u017dYB\u0172 NUOSTATAI"},"content":{"rendered":"<p>&nbsp;&nbsp;<br \/>\n<a href=\"http:\/\/www.medeina.lt\/nuostatai\/lithuania_club_relay_2016.pdf\">2016 Lithuania OS Club relay regulations<\/a><br \/>\n&nbsp;&nbsp;<br \/>\n<a href=\"http:\/\/www.medeina.lt\/nuostatai\/klubu_taure_2016.pdf\">Nuostatai spausdinimui.pdf<\/a><br \/>\n&nbsp;&nbsp;<br \/>\nVAR\u017dYB\u0172 TIKSLAS<br \/>\nNustatyti stipriausias 2016 met\u0173 Lietuvos orientavimosi sporto klub\u0173 komandas sudarytas i\u0161 skirtingo<br \/>\nam\u017eiaus sportinink\u0173, vyr\u0173 ir moter\u0173.<br \/>\n<br \/>\nORGANIZATORIAI IR VYKDYTOJAI<br \/>\nLietuvos orientavimosi sporto federacija ir Orientavimosi sporto klubas \u201eMedeina\u201c<br \/>\nVar\u017eyb\u0173 direktorius \u2014 Art\u016bras Vaitiekus, tel. +370 686 11053,<br \/>\nel. pa\u0161tas: arturas.vait@gmail.com<br \/>\nVyriausias teis\u0117jas \u2013 Egidijus Gaigalas, tel. +370 612 25331<br \/>\nEl. pa\u0161tas:  egidijus.gaigalas@gmail.com<br \/>\nSekretorius \u2013 Jonas Gediminas Gvildys;<br \/>\nTras\u0173 planuotojas \u2013 Egidijus Kukenys<br \/>\nVar\u017eyb\u0173 kontrolierius: Algimantas Dambrauskas<br \/>\nVar\u017eyb\u0173 \u017eiuri: Rimas Jovai\u0161as, Jonas Vilkelis, Devis \u017dilovas<br \/>\n<br \/>\nVAR\u017dYB\u0172 DATA<br \/>\n2016 m. rugs\u0117jo m\u0117n. 18 d. (sekmadienis), startas 12 val.<br \/>\nAtvykimas ir dalyvi\u0173 ra\u0161ti\u0161ka pakeitim\u0173 registracija starto vietoje iki 11.30 val.<br \/>\n<br \/>\nVAR\u017dYB\u0172 VIETA IR \u017dEM\u0116LAPIS<br \/>\nRaseini\u0173 rajonas, \u0160iluvos mi\u0161kas. \u017dem\u0117lapis atnaujintas 2016 m.<br \/>\n\u017dem\u0117lapio mastelis 1:10 000, \u017eem\u0117lap\u012f sudar\u0117 Egidijus Kukenys.<br \/>\nHorizontali\u0173 laiptas: 2,5 m; \u017dem\u0117lapio plotas 5,2 km\u00b2<br \/>\nReljefas morenin\u0117s kilm\u0117s, vyrauja daubos, kalneliai. \u0160iaurin\u0117je dalyje reljefas labai i\u0161rai\u0161kingas, pietin\u0117je<br \/>\ndalyje susiformuoja l\u0117k\u0161tas \u0161laitas, kuriame yra daug nemastelini\u0173 ir tank\u0173 duobi\u0173. Reljefas dinami\u0161kas. Keli\u0173<br \/>\nir proskyn\u0173 tinklas vidutinis. Centrin\u0117je \u017eem\u0117lapio dalyje yra daug smulki\u0173 pelku\u010di\u0173 ir didesni\u0173 pelki\u0173.<br \/>\n<b>Var\u017eyb\u0173 centro koordinat\u0117s:<\/b><br \/>\n55\u00b031&#8217;35.9&#8243;N 23\u00b011&#8217;20.2&#8243;E<br \/>\narba<br \/>\n55.526669, 23.188974<br \/>\n<br \/>\nVAR\u017dYB\u0172 PROGRAMA<br \/>\n9.30 &#8211; 11.00 val. atvykimas ir registracija var\u017eyb\u0173 centre.<br \/>\nIki 11.30 val. dalyvi\u0173 keitimo estafet\u0117s etapuose pateikimas (ra\u0161tu)<br \/>\n11.30 val. var\u017eyb\u0173 atidarymo ceremonija<br \/>\n12.00 val. estafe\u010di\u0173 startas<br \/>\nFini\u0161avus 6 komandoms dar nestartav\u0119 komand\u0173 etapai i\u0161leid\u017eiami bendru startu<br \/>\n15.00 val. apdovanojimai ir var\u017eyb\u0173 u\u017edarymas<br \/>\n<br \/>\nATSI\u017dIM\u0116JIMO SISTEMA<br \/>\nSportIdent<br \/>\nNeturint kortel\u0117s &#8211; nuoma: 1 Eur.<br \/>\nPametus nuomot\u0105 SI kortel\u0119 mokama bauda atitinkanti SI kortel\u0117s kain\u0105.<br \/>\n<br \/>\nDALYVIAI<br \/>\nKlub\u0173 taur\u0117s var\u017eybose dalyvauja LOSF nari\u0173 \u2014 OS klub\u0173 ir moksleivi\u0161k\u0173 sporto organizacij\u0173 komandos. Taip<br \/>\npat var\u017eybose gali dalyvauti ir kit\u0173 \u0161ali\u0173 orientavimosi sporto klub\u0173 komandos.<br \/>\nKomandos sud\u0117ties reikalavimai:<br \/>\nA) 11 sportinink\u0173;<br \/>\nB) Ne ma\u017eiau kaip 4 moterys;<br \/>\nC) Ne ma\u017eiau kaip 3 dalyviai 2000 m. gimimo bei jaunesni arba 1976 m. gimimo bei vyresni;<br \/>\nD) Lietuvos OS klubo komandoje gali b\u016bti ne daugiau kaip vienas dalyvis ne Lietuvos pilietis, deklarav\u0119s<br \/>\nsavo naryst\u0119 OS klube ar moksleivi\u0173 sporto organizacijoje ir turintys LOSF licencij\u0105.<br \/>\nKomandos, neatitinkan\u010dios \u0161i\u0173 reikalavim\u0173 dalyvauja be konkurencijos.<br \/>\nVien\u0105 klub\u0105 gali atstovauti neribotas kiekis komand\u0173.<br \/>\nNUMERIAI: Visi dalyviai \u012f starto zon\u0105 \u012fleid\u017eiami tik su prisegtais ir ai\u0161kiai matomais dalyvi\u0173 numeriais. Numeriai komandoms priskiriami pagal 2015 m. LOSF klub\u0173 taur\u0117s var\u017eybose i\u0161kovotas vietas.<br \/>\n<br \/>\nESTAFET\u0116S SCHEMA<br \/>\n<img title=\"Klub\u0173 taur\u0117 2016\" src=\"http:\/\/www.medeina.lt\/nuostatai\/schema_klubu_taurei.png\" alt=\"\" \/><br \/>\nFini\u0161avus pirmam I etapo dalyviui, startuoja du II etapo dalyviai (pvz. 3 ir  4). Fini\u0161avus antram I etapo<br \/>\ndalyviui &#8211; startuoja tre\u010dias II etapo dalyvis ir t.t.<br \/>\nFini\u0161avus dviem pirmiems III etapo dalyviams (pvz.6 ir 8) startuoja pirmas IV etapo dalyvis. Fini\u0161avus tre\u010diam<br \/>\nIII etapo dalyviui \u2014 startuoja antras IV etapo dalyvis.<br \/>\n\u012e paskutin\u012fj\u012f etap\u0105 11 komandos narys i\u0161b\u0117ga tuomet, kai fini\u0161uoja abudu IV etapo dalyviai (Nr. 9 ir Nr. 10)<br \/>\nFini\u0161avus 6 komandoms dar nestartav\u0119 dalyviai i\u0161leid\u017eiami bendru startu.<br \/>\n<br \/>\nSTARTO TVARKA<br \/>\nPirmojo etapo dalyviai \u012f starto zon\u0105 pakvie\u010diami likus 10 min. iki starto. Prie \u012f\u0117jimo \u012f starto zon\u0105 patikrinami<br \/>\ndalyvi\u0173 numeriai, SI korteli\u0173 numeriai, i\u0161valomos SI kortel\u0117s.<br \/>\nLikus 3 min. iki starto pirm\u0173 etap\u0173 dalyviai pakvie\u010diami u\u017eimti starto vietas prie i\u0161d\u0117liot\u0173 \u017eem\u0117lapi\u0173. Dalyvis<br \/>\nturi atsistoti prie to \u017eem\u0117lapio, ant kurio u\u017era\u0161ytas numeris sutampantis su jo numeriu ant kr\u016btin\u0117s. \u017dem\u0117lap\u012f<br \/>\npaimti galima tik po starto signalo. Anks\u010diau \u017eem\u0117lap\u012f pa\u0117m\u0119 dalyviai diskvalifikuojami. Dalyvis yra<br \/>\natsakingas u\u017e tai, kad paimt\u0173 teising\u0105, jam skirt\u0105 \u017eem\u0117lap\u012f. Tie dalyviai, kurie paims ne jiems skirtus<br \/>\n\u017eem\u0117lapius, bus diskvalifikuojami.<br \/>\n2 &#8211; 5 etap\u0173 dalyviai \u012f starto zon\u0105 \u012feina art\u0117jant estafet\u0117s per\u0117mimo laikui. I\u0161 starto zonos i\u0161eiti atgal<br \/>\ndraud\u017eiama.<br \/>\nFini\u0161avus \u0161e\u0161ioms komandoms <b>startas de\u0161im\u010diai minu\u010di\u0173 sustabdomas<\/b>. I\u0161d\u0117liojami \u017eem\u0117lapiai dar<br \/>\nnestartavusiems 2 &#8211; 5 etap\u0173 dalyviams. Nestartav\u0119 dalyviai pakvie\u010diami \u012f starto zon\u0105 prie \u017eem\u0117lapi\u0173.<br \/>\nDuodamas bendras startas.<br \/>\n<br \/>\nFINI\u0160O TVARKA<br \/>\nFini\u0161uojantys dalyviai prie \u201eFINI\u0160O\u201c linijos atsi\u017eymi stotel\u0117je \u201eFINI\u0160AS\u201c, atiduoda \u017eem\u0117lap\u012f teis\u0117jams ir b\u0117ga<br \/>\nprie sekan\u010dio etapo \u017eem\u0117lapi\u0173 i\u0161davimo vietos. \u017dem\u0117lapi\u0173 i\u0161davimo vietoje \u017eem\u0117lapiai i\u0161d\u0117styti numeri\u0173<br \/>\ndid\u0117jimo tvarka. Ten patys dalyviai paima savo komandos sekan\u010dio etapo \u017eem\u0117lap\u012f (i\u0161 pirmo etapo gr\u012f\u017e\u0119s<br \/>\npirmasis dalyvis paima du \u017eem\u0117lapius) ir nub\u0117g\u0119s \u012f estafet\u0117s perdavimo viet\u0105, paduoda \u017eem\u0117lap\u012f komandos<br \/>\ndraugui.<br \/>\nPaskutiniojo etapo dalyvis kerta fini\u0161o linij\u0105 ir tik tuomet atsi\u017eymi stotel\u0117je \u201eFINI\u0160AS\u201c.<br \/>\nFini\u0161avusi\u0173 dalyvi\u0173 \u017eem\u0117lapiai bus surenkami iki bendro starto var\u017eyb\u0173 pabaigoje. Komandos \u017eem\u0117lapius<br \/>\ngal\u0117s atsiimti sekretoriate var\u017eyb\u0173 pabaigoje po bendro dalyvi\u0173 starto.<br \/>\n<br \/>\nNUGAL\u0116TOJ\u0172 NUSTATYMAS<br \/>\nLaimi komanda pirmoji kirtusi fini\u0161o linij\u0105.<br \/>\nKomand\u0173, kuri\u0173 2-5 etap\u0173 dalyviai startuos bendru startu, vieta nustatoma sud\u0117jus vis\u0173 komandos dalyvi\u0173<br \/>\ntras\u0173 \u012fveikimo laikus<br \/>\n<br \/>\nSTARTO MOKESTIS IR ATSISKAITYMO TVARKA<br \/>\nStarto mokestis komandai: 90 EUR registruojantis iki 2016 m. rugs\u0117jo 12 d. (pirmadienio 23 val. 59 min.)<br \/>\nBrangesn\u0117-u\u017edelsta registracija komandai: 120 EUR (registruojantis nuo 2016.09.12 23:59 iki 2016.09.13<br \/>\n23:59)<br \/>\nNaujos komandos registracija var\u017eyb\u0173 dien\u0105: 150 EUR (i\u0161skirtiniais atvejais su organizatori\u0173 sutikimu)<br \/>\nStarto mokestis gali b\u016bti mokamas grynaisiais pinigais var\u017eyb\u0173 vietoje arba pavedimu \u012f organizatori\u0173 s\u0105skait\u0105<br \/>\nbanke:<br \/>\nGav\u0117jas: Kauno orientavimosi sporto klubas \u201eMedeina\u201d<br \/>\nGav\u0117jo kodas: 193223913<br \/>\nGav\u0117jo s\u0105skaita: LT89 7044 0600 0310 4436<br \/>\nGav\u0117jo bankas: AB SEB bankas, banko kodas: 70440<br \/>\nU\u017e registruot\u0105 bet neatvykusi\u0105 komand\u0105 klubas moka pus\u0119 starto mokes\u010dio.<br \/>\nI\u0161ankstin\u0117s parai\u0161kos pateikiamos iki 2016 m. rugs\u0117jo 12 d. (pirmadienio 23 val. 59 min.).<br \/>\nRegistracija vykdoma interneto svetain\u0117je : <a href=\"http:\/\/www.dbtopas.lt\/takas\/lt\/varz\" target=\"_blank\">dbtop&#8217;as<\/a><br \/>\nArba elektroniniu pa\u0161tu: okmedeina@gmail.com<br \/>\nNemokamas komandos registracijos at\u0161aukimas iki 2016 m. rugs\u0117jo 12 d.(pirmadienio 23 val. 59 min.)<br \/>\n&nbsp;<\/p>\n<p><a href=\"http:\/\/www.medeina.lt\/nuostatai\/klubu_taure_2016.pdf\">Nuostatai spausdinimui.pdf<\/a><\/p>\n","protected":false},"excerpt":{"rendered":"<p>&nbsp;&nbsp; 2016 Lithuania OS Club relay regulations &nbsp;&nbsp; Nuostatai spausdinimui.pdf &nbsp;&nbsp; VAR\u017dYB\u0172 TIKSLAS Nustatyti stipriausias 2016 met\u0173 Lietuvos orientavimosi sporto klub\u0173 komandas sudarytas i\u0161 skirtingo am\u017eiaus sportinink\u0173, vyr\u0173 ir moter\u0173. ORGANIZATORIAI IR VYKDYTOJAI Lietuvos orientavimosi sporto federacija ir Orientavimosi sporto klubas \u201eMedeina\u201c Var\u017eyb\u0173 direktorius \u2014 Art\u016bras Vaitiekus, tel. +370 686 11053, el. pa\u0161tas: arturas.vait@gmail.com Vyriausias<a class=\"read-more \" href=\"http:\/\/www.medeina.lt\/?page_id=1362\" title=\"Read More\"> <span class=\"button default\">Read More<\/span><\/a><\/p>\n","protected":false},"author":1,"featured_media":0,"parent":0,"menu_order":0,"comment_status":"closed","ping_status":"closed","template":"","meta":[],"_links":{"self":[{"href":"http:\/\/www.medeina.lt\/index.php?rest_route=\/wp\/v2\/pages\/1362"}],"collection":[{"href":"http:\/\/www.medeina.lt\/index.php?rest_route=\/wp\/v2\/pages"}],"about":[{"href":"http:\/\/www.medeina.lt\/index.php?rest_route=\/wp\/v2\/types\/page"}],"author":[{"embeddable":true,"href":"http:\/\/www.medeina.lt\/index.php?rest_route=\/wp\/v2\/users\/1"}],"replies":[{"embeddable":true,"href":"http:\/\/www.medeina.lt\/index.php?rest_route=%2Fwp%2Fv2%2Fcomments&post=1362"}],"version-history":[{"count":31,"href":"http:\/\/www.medeina.lt\/index.php?rest_route=\/wp\/v2\/pages\/1362\/revisions"}],"predecessor-version":[{"id":1413,"href":"http:\/\/www.medeina.lt\/index.php?rest_route=\/wp\/v2\/pages\/1362\/revisions\/1413"}],"wp:attachment":[{"href":"http:\/\/www.medeina.lt\/index.php?rest_route=%2Fwp%2Fv2%2Fmedia&parent=1362"}],"curies":[{"name":"wp","href":"https:\/\/api.w.org\/{rel}","templated":true}]}}