{"id":1314,"date":"2016-01-26T13:02:57","date_gmt":"2016-01-26T13:02:57","guid":{"rendered":"http:\/\/www.medeina.lt\/?page_id=1314"},"modified":"2016-03-29T12:28:04","modified_gmt":"2016-03-29T12:28:04","slug":"xlii-orientavimosi-sporto-varzybu-kauno-estafete","status":"publish","type":"page","link":"http:\/\/www.medeina.lt\/?page_id=1314","title":{"rendered":"XLII orientavimosi sporto var\u017eyb\u0173 \u201eKauno estafet\u0117\u201c nuostatai"},"content":{"rendered":"<p><a href=\"http:\/\/www.medeina.lt\/nuostatai\/kauno_estaf_2016.doc\">Nuostatai spausdinimui .doc<\/a><\/p>\n<p>&nbsp;<\/p>\n<p><strong>TIKSLAI<\/strong><\/p>\n<p>I\u0161saugoti ilgiausiai rengiamas tradicines orientavimosi sporto estafe\u010di\u0173 var\u017eybas Lietuvoje. Skatinti \u017emones reguliariai sportuoti, populiarinti orientavimosi sport\u0105. \u012edomiai prad\u0117ti 2016 m. orientavimosi sporto sezon\u0105 ir pasiruo\u0161ti svarbiausiems sezono startams.<\/p>\n<p>&nbsp;<\/p>\n<p><strong>RENG\u0116JAI<\/strong><\/p>\n<p>Osk \u201eMedeina\u201c, vyr. teis\u0117jas Tomas Bogu\u017einskas, vyr. sekretorius Sigitas Jaug\u0117la, tras\u0173 ir \u017eem\u0117lapio autorius Egidijus Kukenys.<\/p>\n<p>&nbsp;<\/p>\n<p><strong>DATA<\/strong><\/p>\n<p>2016 m. baland\u017eio 2 d. Pirmas startas grup\u0117ms prasideda nuo 12.00 val.<\/p>\n<p>&nbsp;<\/p>\n<p><strong>VIETA<\/strong><\/p>\n<p>Elektr\u0117n\u0173 savivaldyb\u0117, 3 km \u012f rytus nuo Semeli\u0161ki\u0173 miestelio. <\/p>\n<p>&nbsp;<\/p>\n<p><strong>\u017dEM\u0116LAPIS<\/strong><\/p>\n<p>Dergioni\u0173 mi\u0161kas. Sudarytas 2016 m. mastelis 1 :10 000, horizontali\u0173 laiptas 2,5 m. Vietov\u0117 vidutini\u0161kai ir stipriai rai\u017eyta, vyrauja morenin\u0117s kilm\u0117s kalvos su daubomis, pietin\u0117je dalyje \u0161laitas su griovomis ir lomomis.Mi\u0161kas vidutinio prab\u0117gamumo, at\u017eeliantys seni kirtimai sunkiai prab\u0117gami. Keli\u0173, proskyn\u0173 ir tak\u0173 tinklas vidutinio tankumo.  <\/p>\n<p><u>Pavojinga vieta<\/u>: platus vie\u0161kelis, kuriame eismas n\u0117ra intensyvus, ta\u010diau reikalauja atsargumo. <\/p>\n<p><img loading=\"lazy\" src=\"http:\/\/www.medeina.lt\/nuostatai\/kaunoEstaf2016maps.jpg\" alt=\"\" title=\"Spring Cup 2016\" width=\"280\" height=\"250\"\/><\/p>\n<p>&nbsp;<\/p>\n<p><strong> GRUP\u0116S <\/strong><\/p>\n<p>M (moterys) 12, 14, 16, 18, M, 35, 45, 55 trij\u0173, 65 dviej\u0173 etap\u0173 estafet\u0117.<br \/>\nV (vyrai) 12, 14, 16, 18, V, 35, 45, 55 trij\u0173, 65 dviej\u0173 etap\u0173 estafet\u0117.<br \/>\nMV 45, 55, 65 grup\u0117se komandos nari\u0173 am\u017eius turi tenkinti Lietuvos veteran\u0173 estafe\u010di\u0173 lygos apribojimus.<br \/>\n&nbsp;<\/p>\n<p><strong>REGISTRACIJA<\/strong><\/p>\n<p>Internetu: <a href=\"https:\/\/dbtopas.lt\/takas\/lt\/varz\/2016024\" target=\"_blank\">DBTopas<\/a><br \/>\nRegistruotis galima iki 2016 m. Kovo 29 d. 23:59 val.<\/p>\n<p>&nbsp;<\/p>\n<p><strong>STARTO MOKESTIS<\/strong><\/p>\n<table>\n<tr>\n<th>Grup\u0117s<\/th>\n<th align=\"center\">Mokestis komandai,Eur<\/th>\n<\/tr>\n<tr>\n<td>M, V 12, 14, 16, 18<\/td>\n<td align=\"center\">9 EUR<\/td>\n<\/tr>\n<tr>\n<td>M, V, M35, V35, M45, V45, M55, V55<\/td>\n<td align=\"center\">24 EUR<\/td>\n<\/tr>\n<tr>\n<td>M, V 65<\/td>\n<td align=\"center\">12 EUR<\/td>\n<\/tr>\n<\/table>\n<p>U\u017esiregistrav\u0119, bet nestartav\u0119, dalyviai moka pus\u0117s starto mokes\u010dio dyd\u017eio baud\u0105. Starto mokestis ar bauda mokami var\u017eyb\u0173 vietoje arba \u012f banko s\u0105skait\u0105:<br \/>\nGav\u0117jas<br \/>\nKauno miesto orientavimosi sporto klubas \u201eMedeina\u201d<br \/>\n\u012emon\u0117s kodas: 193223913<br \/>\nBankas: AB SEB bankas<br \/>\nBanko kodas: 70440<br \/>\nAtsiskait. s\u0105skaita: LT89 7044 0600 0310 4436<\/p>\n<p>&nbsp;<\/p>\n<p><strong>ATSI\u017dYM\u0116JIMAS<\/strong><\/p>\n<p>SportIdent (SI) sistema. SI kortel\u0117s nuoma jos neturintiems \u2013 0,3 Eur gimusiems 1997 m. ir v\u0117liau, kitiems \u2013 1 Eur. Daugiau nei vienam dalyviui naudotis ta pa\u010dia SI kortele draud\u017eiama. Negra\u017einus SI kortel\u0117s, organizatoriams mokama kortel\u0117s vert\u0117s bauda.<\/p>\n<p>&nbsp;<\/p>\n<p><strong>APDOVANOJIMAS<\/strong><br \/>\nKomandos prizinink\u0117s apdovanojamos prizais.<br \/>\n&nbsp;<\/p>\n<p><strong>KITA<\/strong><br \/>\nSuaugusieji u\u017e savo sveikat\u0105 atsako patys, u\u017e moksleivi\u0173 sveikat\u0105 atsako j\u0173 treneriai.<\/p>\n<p>&nbsp;<\/p>\n<p><a href=\"http:\/\/www.medeina.lt\/nuostatai\/kauno_estaf_2016.doc\">Nuostatai spausdinimui .doc<\/a><\/p>\n","protected":false},"excerpt":{"rendered":"<p>Nuostatai spausdinimui .doc &nbsp; TIKSLAI I\u0161saugoti ilgiausiai rengiamas tradicines orientavimosi sporto estafe\u010di\u0173 var\u017eybas Lietuvoje. Skatinti \u017emones reguliariai sportuoti, populiarinti orientavimosi sport\u0105. \u012edomiai prad\u0117ti 2016 m. orientavimosi sporto sezon\u0105 ir pasiruo\u0161ti svarbiausiems sezono startams. &nbsp; RENG\u0116JAI Osk \u201eMedeina\u201c, vyr. teis\u0117jas Tomas Bogu\u017einskas, vyr. sekretorius Sigitas Jaug\u0117la, tras\u0173 ir \u017eem\u0117lapio autorius Egidijus Kukenys. &nbsp; DATA 2016 m.<a class=\"read-more \" href=\"http:\/\/www.medeina.lt\/?page_id=1314\" title=\"Read More\"> <span class=\"button default\">Read More<\/span><\/a><\/p>\n","protected":false},"author":1,"featured_media":0,"parent":0,"menu_order":0,"comment_status":"closed","ping_status":"closed","template":"","meta":[],"_links":{"self":[{"href":"http:\/\/www.medeina.lt\/index.php?rest_route=\/wp\/v2\/pages\/1314"}],"collection":[{"href":"http:\/\/www.medeina.lt\/index.php?rest_route=\/wp\/v2\/pages"}],"about":[{"href":"http:\/\/www.medeina.lt\/index.php?rest_route=\/wp\/v2\/types\/page"}],"author":[{"embeddable":true,"href":"http:\/\/www.medeina.lt\/index.php?rest_route=\/wp\/v2\/users\/1"}],"replies":[{"embeddable":true,"href":"http:\/\/www.medeina.lt\/index.php?rest_route=%2Fwp%2Fv2%2Fcomments&post=1314"}],"version-history":[{"count":15,"href":"http:\/\/www.medeina.lt\/index.php?rest_route=\/wp\/v2\/pages\/1314\/revisions"}],"predecessor-version":[{"id":1352,"href":"http:\/\/www.medeina.lt\/index.php?rest_route=\/wp\/v2\/pages\/1314\/revisions\/1352"}],"wp:attachment":[{"href":"http:\/\/www.medeina.lt\/index.php?rest_route=%2Fwp%2Fv2%2Fmedia&parent=1314"}],"curies":[{"name":"wp","href":"https:\/\/api.w.org\/{rel}","templated":true}]}}